mmon divisor of 4015 and 358065?
365
Calculate the highest common divisor of 1147048826 and 77.
77
Calculate the greatest common divisor of 4013599 and 3936661.
12823
Calculate the greatest common divisor of 710 and 378270.
10
What is the highest common factor of 268896395 and 1020?
85
Calculate the highest common factor of 1485 and 16046030.
55
What is the greatest common factor of 398847993 and 2118?
1059
Calculate the highest common factor of 101294529 and 399.
399
What is the greatest common divisor of 16602782 and 994?
994
What is the highest common factor of 1 and 27389938?
1
What is the greatest common factor of 608 and 1767552?
32
Calculate the greatest common factor of 2154575 and 325.
25
What is the highest common factor of 848939208 and 104?
104
What is the highest common divisor of 53 and 2476142616?
53
Calculate the highest common factor of 98155 and 357460.
1465
What is the greatest common factor of 2104 and 374157476?
1052
What is the greatest common divisor of 5854411 and 89829?
1109
What is the highest common divisor of 234807 and 660182?
3403
What is the highest common factor of 14404663 and 1?
1
What is the greatest common divisor of 2882994 and 30?
6
What is the highest common factor of 45785 and 5195?
5
Calculate the greatest common factor of 45838 and 1186146.
26
What is the greatest common divisor of 374 and 2894709?
17
What is the highest common divisor of 2829547 and 56?
7
What is the greatest common factor of 9207 and 11072952?
3069
What is the greatest common factor of 210132 and 3081?
39
Calculate the highest common factor of 1952 and 11431648.
32
What is the greatest common divisor of 385 and 191324980?
385
Calculate the greatest common divisor of 2828 and 1954754.
202
Calculate the highest common factor of 57761 and 8010.
89
What is the highest common divisor of 13062 and 16023?
21
What is the highest common divisor of 268 and 347297314?
134
Calculate the highest common factor of 2436954 and 11778.
78
Calculate the greatest common divisor of 180921468 and 9030.
1806
Calculate the highest common factor of 39781 and 2401.
7
Calculate the greatest common divisor of 35966 and 42977902.
734
What is the highest common factor of 96 and 1036284?
12
What is the highest common divisor of 370556154 and 678?
678
Calculate the greatest common factor of 248920 and 36407.
49
What is the highest common factor of 945 and 19061763?
21
What is the greatest common factor of 95724709 and 164?
41
What is the greatest common factor of 6666723 and 287?
287
Calculate the greatest common factor of 209430903 and 264.
33
Calculate the highest common divisor of 105922 and 413138.
422
What is the highest common divisor of 255 and 1464225?
15
Calculate the highest common divisor of 2322774 and 5418.
774
What is the greatest common factor of 89 and 20681019?
89
Calculate the highest common factor of 97774 and 3078.
38
What is the highest common divisor of 5596 and 4096?
4
Calculate the greatest common divisor of 270 and 5882685.
15
Calculate the greatest common factor of 6109587 and 567.
81
What is the greatest common divisor of 372 and 18104620?
124
What is the highest common divisor of 68232529 and 43?
43
What is the greatest common factor of 166536 and 95176?
8
Calculate the highest common factor of 19313 and 1308923.
623
What is the greatest common divisor of 2112 and 2039906?
22
Calculate the greatest common factor of 1225781 and 88.
1
Calculate the greatest common divisor of 65710733 and 5885.
1177
Calculate the highest common divisor of 2520 and 317834440.
280
Calculate the greatest common factor of 33 and 62634660.
33
Calculate the highest common divisor of 1556680 and 240.
40
Calculate the greatest common factor of 2341758 and 1038750.
1662
What is the greatest common divisor of 13640 and 618750?
110
Calculate the highest common divisor of 840 and 172095.
105
What is the highest common factor of 15851 and 7383815?
131
What is the highest common factor of 6012 and 830825?
167
Calculate the greatest common factor of 160181 and 8873.
467
What is the greatest common divisor of 1042536530 and 3581?
3581
What is the highest common factor of 1865258 and 122?
122
Calculate the greatest common factor of 350 and 1056762.
14
What is the highest common factor of 328 and 47474023?
41
What is the highest common divisor of 46127 and 156523?
193
Calculate the highest common factor of 108709470 and 5.
5
Calculate the highest common factor of 49016337 and 2004.
501
Calculate the greatest common divisor of 61440 and 176448.
192
What is the greatest common divisor of 35149486 and 2224?
278
Calculate the highest common divisor of 2947079525 and 13.
13
What is the greatest common divisor of 7 and 3965683?
1
What is the greatest common factor of 4814 and 1108496?
58
Calculate the greatest common factor of 2780 and 52110.
10
What is the highest common divisor of 132 and 2646668?
4
What is the highest common factor of 97929480 and 55?
55
What is the greatest common divisor of 5186127 and 1?
1
What is the highest common divisor of 16 and 72026920?
8
Calculate the greatest common divisor of 56544 and 316448.
992
What is the greatest common factor of 45 and 8096170?
5
What is the greatest common factor of 848016 and 4661280?
5616
Calculate the highest common factor of 17240986 and 9816.
818
Calculate the highest common divisor of 36 and 20090088.
36
What is the highest common factor of 732 and 33595140?
732
Calculate the greatest common divisor of 216 and 42213744.
216
What is the highest common factor of 487023 and 36381?
201
Calculate the highest common factor of 16390 and 5763320.
1490
What is the greatest common divisor of 20372 and 21670252?
1852
What is the greatest common divisor of 2588348 and 291?
97
What is the greatest common factor of 3111 and 601887?
183
Calculate the highest common factor of 27623528 and 28928.
904
What is the highest common factor of 793870 and 1691690?
770
Calculate the greatest common factor of 330542276 and 1046.
1046
Calculate the greatest common divisor of 375 and 11882850.
75
Calculate the highest common divisor of 2268 and 2002860.
108
What is the greatest common divisor of 15 and 43219575?
15
Calculate the highest common factor of 1042293 and 2499.
21
What is the highest common factor of 53889759 and 5292?
1323
Calculate the greatest common factor of 168551813 and 227.
227
Calculate the highest common divisor of 36 and 5663094.
6
What is the greatest common factor of 273888 and 10333566?
5706
What is the greatest common factor of 2139290 and 1490?
10
What is the highest common divisor of 243 and 1051299?
81
Calculate the greatest common divisor of 285 and 1819267290.
285
Calculate the highest common factor of 1276865 and 21566.
263
Calculate the greatest common divisor of 45 and 8922730.
5
Calculate the highest common factor of 37979 and 548821.
163
What is the highest common divisor of 119525 and 82347944?
4781
Calculate the highest common divisor of 12 and 107305482.
6
What is the highest common divisor of 29017970 and 1436?
718
Calculate the greatest common factor of 3 and 5846595.
3
What is the highest common divisor of 347360 and 321920?
160
Calculate the greatest common divisor of 150 and 103444725.
75
Calculate the highest common factor of 35 and 2104644955.
35
Calculate the highest common divisor of 48176270 and 10.
10
What is the greatest common divisor of 9203987 and 221?
221
What is the greatest common divisor of 9720772 and 1107?
41
Calculate the highest common divisor of 92043 and 5562.
27
What is the greatest common divisor of 52 and 1096412?
4
Calculate the highest common divisor of 299601986 and 23090.
4618
Calculate the highest common factor of 253083 and 34800.
87
Calculate the highest common divisor of 447 and 4595309.
149
Calculate the highest common divisor of 11940257 and 131.
131
What is the highest common factor of 4524 and 9972?
12
What is the highest common divisor of 1066 and 70833568?
1066
What is the greatest common divisor of 35487018 and 198?
18
Calculate the greatest common factor of 269211996 and 27.
9
What is the greatest common factor of 44119215 and 5607?
63
Calculate the highest common divisor of 3462 and 31228394.
1154
Calculate the greatest common factor of 9127125 and 2700.
225
Wh